{"id":5,"date":"2018-11-15T14:50:16","date_gmt":"2018-11-15T13:50:16","guid":{"rendered":"http:\/\/calypso-service.com\/index.php\/materialis\/"},"modified":"2024-04-13T12:39:19","modified_gmt":"2024-04-13T10:39:19","slug":"leader-de-lassistance-medicale-en-tunisie","status":"publish","type":"page","link":"https:\/\/calypso-service.com\/","title":{"rendered":"Front Page"},"content":{"rendered":"\n<div id=\"about-6\" style=\"background-color: #f5fafd;\" data-label=\"About\" data-id=\"about-4\" data-export-id=\"about-4\" data-category=\"about\" class=\"about-4 content-section content-section-spacing-large\">\n<div class=\"gridContainer\">\n<div class=\"row middle-sm text-center\">\n<div class=\"col-sm-5 space-bottom-xs\" data-type=\"column\">\n<h5 class=\"\"><span style=\"vertical-align: inherit;\"><span style=\"vertical-align: inherit;\">Services Calyso<\/span><\/span><\/h5>\n<h2 class=\"\"><span style=\"font-family: Playfair Display,sans-serif; font-weight: bold; font-style: italic;\" href=\"#\"><span style=\"vertical-align: inherit;\"><span style=\"vertical-align: inherit;\">Leader de l\u2019Assistance M\u00e9dicale en Tunisie&nbsp;<\/span><\/span><\/span><\/h2>\n<p class=\"\"><span style=\"vertical-align: inherit;\"><span style=\"vertical-align: inherit;\">Tout au long de l\u2019ann\u00e9e, Calypso Services pour les clients ayant des solutions logistiques et d\u2019assistance dans les domaines divers tels que: le transport m\u00e9dicalis\u00e9 et para-m\u00e9dicalis\u00e9, la fourniture d\u2019unit\u00e9s m\u00e9dicales mobiles (UMM), la Disposition du personnel m\u00e9dical comp\u00e9tent.<\/span><\/span><\/p>\n<a class=\"button big color1 mdc-ripple-upgraded\" href=\"http:\/\/calypso-service.com\/index.php\/qui-sommes-nous\" style=\"--mdc-ripple-fg-size: 132.825px; --mdc-ripple-fg-scale: 1.79353;\" target=\"_self\" data-cp-link=\"1\" data-slimstat=\"5\" rel=\"noopener\"><span style=\"vertical-align: inherit;\"><span style=\"vertical-align: inherit;\">Qui Sommes Nous<\/span><\/span><\/a>\n\n<\/div>\n<div class=\"col-sm-7 flexbox center-xs middle-xs image-group-2-img padding-top-bottom\"><img decoding=\"async\" class=\"img-1 rounded mdc-elevation--z10\" data-size=\"250x200\" src=\"http:\/\/calypso-service.com\/wp-content\/uploads\/2018\/11\/calypso-service-formation-tunisie.jpg\"> <img decoding=\"async\" class=\"img-2 rounded mdc-elevation--z10\" data-size=\"220x170\" src=\"http:\/\/calypso-service.com\/wp-content\/uploads\/2018\/11\/ca.jpeg\"><\/div>\n<\/div>\n<\/div>\n<\/div>\n\n\n\n<div id=\"content-24\" style=\"background-color: #f5fafd;\" data-label=\"Content\" data-id=\"content-7-materialis\" data-export-id=\"content-7-materialis\" data-category=\"content\" class=\"content-7m content-section-spacing-large content-section\">\n<div class=\"gridContainer\">\n<div class=\"row middle-sm\">\n<div class=\"col-md-6 col-xs-12 col-sm-6 col-padding-small-xs\"><img decoding=\"async\" class=\"mdc-elevation--z13 img-rounded\" src=\"http:\/\/calypso-service.com\/wp-content\/uploads\/2018\/11\/cropped-amb.png\"><\/div>\n<div class=\"col-md-5 col-md-offset-1 col-xs-12 col-sm-6 content-left-sm col-padding-small-xs\" data-type=\"column\">\n<h6 class=\"upper\"><span style=\"vertical-align: inherit;\"><span style=\"vertical-align: inherit;\">Mat\u00e9riel M\u00e9dical<\/span><\/span><\/h6>\n<h3 class=\"space-bottom\"><span style=\"vertical-align: inherit;\"><span style=\"vertical-align: inherit;\">Qualit\u00e9 garantie<\/span><\/span><\/h3>\n<p class=\"space-top\"><span style=\"vertical-align: inherit;\"><span style=\"vertical-align: inherit;\">Calypso Services mis \u00e0 la disposition de la client\u00e8le, un mat\u00e9riel m\u00e9dical de premier secours, de r\u00e9animation et de respiration, n\u00e9cessaire pour agir efficacement dans les situations d\u2019urgence. <\/span><span style=\"vertical-align: inherit;\">Notre mat\u00e9riel m\u00e9dical est en excellent \u00e9tat, r\u00e9pondeur, r\u00e9pondeur, r\u00e9pondeur, r\u00e9pondeur m\u00e9dical, r\u00e9pondeur m\u00e9dical, r\u00e9pondeur, r\u00e9pondeur m\u00e9dical, r\u00e9pondeur, m\u00e9decin, m\u00e9decin, m\u00e9decin, m\u00e9decin, m\u00e9decin, m\u00e9decin, m\u00e9decin, m\u00e9decin, m\u00e9decin, m\u00e9decin, m\u00e9decin, m\u00e9decin, m\u00e9decin, m\u00e9decin, m\u00e9decin, m\u00e9decin\u2026<\/span><\/span><\/p>\n<a href=\"http:\/\/calypso-service.com\/index.php\/materiel-medical\" class=\"button read-more link color1 space-top negative-margin mdc-ripple-upgraded\" style=\"--mdc-ripple-fg-size: 57.9656px; --mdc-ripple-fg-scale: 1.99159;\" target=\"_self\" data-cp-link=\"1\" data-slimstat=\"5\" rel=\"noopener\"><span style=\"vertical-align: inherit;\"><span style=\"vertical-align: inherit;\">Lire plus<\/span><\/span><i class=\"mdi mdi-arrow-right-thick\"><\/i><\/a>\n\n<\/div>\n<\/div>\n<\/div>\n<\/div>\n\n\n<!-- wp:columns {\"verticalAlignment\":null}--><div class=\"gridContainer\">\n<div class=\"wp-block-columns\"><!-- wp:column {\"verticalAlignment\":\"stretch\",\"width\":\"100%\"}--><div class=\"gridContainer\">\n<div class=\"wp-block-column is-vertically-aligned-stretch\" style=\"flex-basis:100%\"><!-- wp:group {\"layout\":{\"type\":\"constrained\"}}--><div class=\"gridContainer\">\n<div class=\"wp-block-group\">\n<div data-label=\"Overlappable\" data-id=\"overlappable--1\" data-export-id=\"overlappable-5-materialis\" data-category=\"overlappable\" class=\"overlappable-5-materialis content-section content-section-spacing-large\" data-overlap=\"true\" id=\"overlappable-10\" style=\"background-color: rgb(255, 255, 255);\"><div class=\"gridContainer\"> <div data-type=\"row\" class=\"row spaced-cols \"><div class=\"col-xs-12 col-sm-6 col-md-4 \"> <div class=\"card mdc-elevation--z3 row-card\"><div class=\"row\"> <div class=\"col-xs-12 col-sm-fit icon-col\" data-fixed=\"true\"><i class=\"color1 icon mdi mdi-responsive reverse round big\"><\/i><\/div> <div class=\"col-xs-12 col-sm\" data-type=\"column\"><h4 class=\"color-black\" style=\"cursor: text;\">Code Ethique<\/h4> <p class=\"\" style=\"cursor: text;\"><\/p><img decoding=\"async\" class=\"custom-image\" src=\"http:\/\/calypso-service.com\/wp-content\/uploads\/2022\/04\/cropped-cropped-code-ethique-calypso-scaled-1.jpg\"><\/div> <\/div><\/div> <\/div>  <\/div> <\/div><\/div>\n<\/div>\n<\/div><!-- \/wp:group--><\/div>\n<\/div><!-- \/wp:column--><\/div>\n<\/div><!-- \/wp:columns-->\n\n<!-- wp:columns--><div class=\"gridContainer\">\n<div class=\"wp-block-columns\"><!-- wp:column {\"width\":\"100%\"}--><div class=\"gridContainer\">\n<div class=\"wp-block-column\" style=\"flex-basis:100%\"><!-- wp:group {\"layout\":{\"type\":\"flex\",\"orientation\":\"vertical\",\"justifyContent\":\"stretch\"}}--><div class=\"gridContainer\">\n<div class=\"wp-block-group\">\n<div data-label=\"Overlappable\" data-id=\"overlappable--NaN\" data-export-id=\"overlappable-4\" data-category=\"overlappable\" class=\"overlappable-4 content-section content-section-spacing-large\" data-overlap=\"true\" id=\"overlappable-9\" style=\"background-color: #ffffff;\">\n<div class=\"gridContainer\">\n<div data-type=\"row\" class=\"row spaced-cols text-center center-sm content-center-sm\">\n<div class=\"col-xs-12 col-sm-4 \">\n\n<i class=\"mdi icon aligncenter color1 mdi-quicktime bordered round large\"><\/i>\n<div data-type=\"column\" class=\"\">\n<h5 class=\"\"><span style=\"vertical-align: inherit;\"><span style=\"vertical-align: inherit;\">Notre Politique Qualit\u00e9<\/span><\/span><\/h5>\n<img decoding=\"async\" class=\"custom-image\" src=\"http:\/\/calypso-service.com\/wp-content\/uploads\/2019\/11\/cropped-POLITIQUE-QUALITE-1.jpg\">\n\n<\/div>\n<\/div>\n<\/div>\n<\/div>\n<\/div>\n<\/div>\n<\/div><!-- \/wp:group--><\/div>\n<\/div><!-- \/wp:column--><\/div>\n<\/div><!-- \/wp:columns-->\n\n\n<div id=\"content-25\" style=\"background-color: #ffffff;\" data-label=\"Content\" data-id=\"content-8-materialis\" data-export-id=\"content-8-materialis\" data-category=\"content\" class=\"content-8m content-section-spacing-large content-section\">\n<div class=\"gridContainer\">\n<div class=\"row middle-sm\">\n<div class=\"col-md-5 col-xs-12 col-sm-6 space-bottom-xs\" data-type=\"column\">\n<h6 class=\"upper\"><span style=\"vertical-align: inherit;\"><span style=\"vertical-align: inherit;\">Ambulances NSA<\/span><\/span><\/h6>\n<h3 class=\"\"><span style=\"vertical-align: inherit;\"><span style=\"vertical-align: inherit;\">Ville &amp; 4 \u00d7 4<\/span><\/span><\/h3>\n<p class=\"space-top\"><span style=\"vertical-align: inherit;\"><span style=\"vertical-align: inherit;\">Les ambulances de Calypso<\/span><\/span><\/p>\n<a href=\"http:\/\/calypso-service.com\/index.php\/ambulance-ville\" class=\"button read-more link color1 space-top negative-margin mdc-ripple-upgraded\" style=\"--mdc-ripple-fg-size: 57.9656px; --mdc-ripple-fg-scale: 1.99159;\" target=\"_self\" data-cp-link=\"1\" data-slimstat=\"5\" rel=\"noopener\"><span style=\"vertical-align: inherit;\"><span style=\"vertical-align: inherit;\">Lire plus<\/span><\/span><i class=\"mdi mdi-arrow-right-thick\"><\/i><\/a>\n\n<\/div>\n<div class=\"col-md-6 col-md-offset-1 col-xs-12 col-sm-6\"><img decoding=\"async\" class=\"mdc-elevation--z9 rounded\" src=\"http:\/\/calypso-service.com\/wp-content\/uploads\/2018\/11\/ambulance-ville-calypso-tunisie.jpg\"><\/div>\n<\/div>\n<\/div>\n<\/div>\n\n\n\n<div id=\"contact-1\" data-label=\"Contact\" data-id=\"contact-1\" data-export-id=\"contact-1\" data-category=\"contact\" class=\"contact-1 content-section content-section-spacing-large content-relative white-text\" data-parallax-depth=\"20\" style=\"background-image: url('http:\/\/calypso-service.com\/wp-content\/uploads\/2018\/11\/med.jpg'); background-size: cover; background-position: center top;\">\n<div class=\"gridContainer\">\n<div class=\"row text-center\">\n<div class=\"section-title-col\" data-type=\"column\">\n<h2 class=\"\"><span style=\"vertical-align: inherit;\"><span style=\"vertical-align: inherit;\">Contactez Nous<\/span><\/span><\/h2>\n<p class=\"lead\"><span style=\"vertical-align: inherit;\"><span style=\"vertical-align: inherit;\">20 rue Ibn Khaldoun, 1001 Tunis, Tunisie <\/span><\/span>\n<span style=\"vertical-align: inherit;\"><span style=\"vertical-align: inherit;\">T\u00e9l. <\/span><span style=\"vertical-align: inherit;\">: (+216) 71 125 900 Fax: (+216) 71 34 82 02<\/span><\/span><\/p>\n<span style=\"vertical-align: inherit;\" class=\"\"><span style=\"vertical-align: inherit;\">Email: contact@calypso-service.com<\/span><\/span>\n\n<img decoding=\"async\" class=\"custom-image\" src=\"http:\/\/calypso-service.com\/wp-content\/uploads\/2018\/11\/asssit.jpg\">\n\n<\/div>\n<\/div>\n<div class=\"row text-center\">\n<div class=\"col-xs-12 col-sm-8 col-sm-offset-2 contact-form-wrapper inline-info\">\n<div class=\"card mdc-elevation--z3 col-padding-top\">\n<div class=\"dark-text\" data-content-shortcode=\"materialis_contact_form shortcode=&quot;contact-form-7 id=&amp;amp;quot;42&amp;amp;quot; title=&amp;amp;quot;Formulaire de contact 1&amp;amp;quot;&quot;\" data-editable=\"true\">\n<div class=\"wpcf7 no-js\" id=\"wpcf7-f42-o1\" lang=\"fr-FR\" dir=\"ltr\">\n<div class=\"screen-reader-response\"><p role=\"status\" aria-live=\"polite\" aria-atomic=\"true\"><\/p> <ul><\/ul><\/div>\n<form action=\"\/index.php\/wp-json\/wp\/v2\/pages\/5#wpcf7-f42-o1\" method=\"post\" class=\"wpcf7-form init\" aria-label=\"Formulaire de contact\" novalidate=\"novalidate\" data-status=\"init\">\n<div style=\"display: none;\">\n<input type=\"hidden\" name=\"_wpcf7\" value=\"42\" \/>\n<input type=\"hidden\" name=\"_wpcf7_version\" value=\"5.9.3\" \/>\n<input type=\"hidden\" name=\"_wpcf7_locale\" value=\"fr_FR\" \/>\n<input type=\"hidden\" name=\"_wpcf7_unit_tag\" value=\"wpcf7-f42-o1\" \/>\n<input type=\"hidden\" name=\"_wpcf7_container_post\" value=\"0\" \/>\n<input type=\"hidden\" name=\"_wpcf7_posted_data_hash\" value=\"\" \/>\n<input type=\"hidden\" name=\"_wpcf7_recaptcha_response\" value=\"\" \/>\n<\/div>\n<p><label> Votre nom (obligatoire)<br \/>\n<span class=\"wpcf7-form-control-wrap\" data-name=\"your-name\"><input size=\"40\" class=\"wpcf7-form-control wpcf7-text wpcf7-validates-as-required\" aria-required=\"true\" aria-invalid=\"false\" value=\"\" type=\"text\" name=\"your-name\" \/><\/span> <\/label>\n<\/p>\n<p><label> Votre adresse de messagerie (obligatoire)<br \/>\n<span class=\"wpcf7-form-control-wrap\" data-name=\"your-email\"><input size=\"40\" class=\"wpcf7-form-control wpcf7-email wpcf7-validates-as-required wpcf7-text wpcf7-validates-as-email\" aria-required=\"true\" aria-invalid=\"false\" value=\"\" type=\"email\" name=\"your-email\" \/><\/span> <\/label>\n<\/p>\n<p><label> Objet<br \/>\n<span class=\"wpcf7-form-control-wrap\" data-name=\"your-subject\"><input size=\"40\" class=\"wpcf7-form-control wpcf7-text\" aria-invalid=\"false\" value=\"\" type=\"text\" name=\"your-subject\" \/><\/span> <\/label>\n<\/p>\n<p><label> Votre message<br \/>\n<span class=\"wpcf7-form-control-wrap\" data-name=\"your-message\"><textarea cols=\"40\" rows=\"10\" class=\"wpcf7-form-control wpcf7-textarea\" aria-invalid=\"false\" name=\"your-message\"><\/textarea><\/span> <\/label>\n<\/p>\n<p>R\u00e9pondez \u00e0 cette question :<br \/>\n<span class=\"wpcf7-form-control-wrap\" data-name=\"math-quiz\"><label><span class=\"wpcf7-quiz-label\">12+48=?<\/span> <input size=\"40\" class=\"wpcf7-form-control wpcf7-quiz\" autocomplete=\"off\" aria-required=\"true\" aria-invalid=\"false\" type=\"text\" name=\"math-quiz\" \/><\/label><input type=\"hidden\" name=\"_wpcf7_quiz_answer_math-quiz\" value=\"c7174b72c76c66fa41ecf8347dbe4942\" \/><\/span>\n<\/p>\n<p><input class=\"wpcf7-form-control wpcf7-submit has-spinner\" type=\"submit\" value=\"Envoyer\" \/>\n<\/p><div class=\"wpcf7-response-output\" aria-hidden=\"true\"><\/div>\n<\/form>\n<\/div>\n<\/div>\n<\/div>\n<\/div>\n<\/div>\n<\/div>\n<\/div>\n","protected":false},"excerpt":{"rendered":"","protected":false},"author":1,"featured_media":0,"parent":0,"menu_order":0,"comment_status":"closed","ping_status":"closed","template":"","meta":{"footnotes":""},"class_list":["post-5","page","type-page","status-publish","hentry"],"yoast_head":"<!-- This site is optimized with the Yoast SEO plugin v22.4 - https:\/\/yoast.com\/wordpress\/plugins\/seo\/ -->\n<title>Calypso Services Leader de l&#039;assistance m\u00e9dicale en Tunisie<\/title>\n<meta name=\"description\" content=\"Calypso Services intervient pour apporter \u00e0 ses clients des solutions de logistiques et d&#039;assistance m\u00e9dicale\" \/>\n<meta name=\"robots\" content=\"index, follow, max-snippet:-1, max-image-preview:large, max-video-preview:-1\" \/>\n<link rel=\"canonical\" href=\"https:\/\/calypso-service.com\/\" \/>\n<meta property=\"og:locale\" content=\"fr_FR\" \/>\n<meta property=\"og:type\" content=\"article\" \/>\n<meta property=\"og:title\" content=\"Calypso Services Leader de l&#039;assistance m\u00e9dicale en Tunisie\" \/>\n<meta property=\"og:description\" content=\"Calypso Services intervient pour apporter \u00e0 ses clients des solutions de logistiques et d&#039;assistance m\u00e9dicale\" \/>\n<meta property=\"og:url\" content=\"https:\/\/calypso-service.com\/\" \/>\n<meta property=\"og:site_name\" content=\"Calypso Services\" \/>\n<meta property=\"article:publisher\" content=\"https:\/\/www.facebook.com\/Calypso.Service\/\" \/>\n<meta property=\"article:modified_time\" content=\"2024-04-13T10:39:19+00:00\" \/>\n<meta property=\"og:image\" content=\"http:\/\/calypso-service.com\/wp-content\/uploads\/2018\/11\/calypso-service-formation-tunisie.jpg\" \/>\n<meta name=\"twitter:card\" content=\"summary_large_image\" \/>\n<meta name=\"twitter:label1\" content=\"Dur\u00e9e de lecture est.\" \/>\n\t<meta name=\"twitter:data1\" content=\"3 minutes\" \/>\n<script type=\"application\/ld+json\" class=\"yoast-schema-graph\">{\"@context\":\"https:\/\/schema.org\",\"@graph\":[{\"@type\":\"WebPage\",\"@id\":\"https:\/\/calypso-service.com\/\",\"url\":\"https:\/\/calypso-service.com\/\",\"name\":\"Calypso Services Leader de l'assistance m\u00e9dicale en Tunisie\",\"isPartOf\":{\"@id\":\"https:\/\/calypso-service.com\/#website\"},\"primaryImageOfPage\":{\"@id\":\"https:\/\/calypso-service.com\/#primaryimage\"},\"image\":{\"@id\":\"https:\/\/calypso-service.com\/#primaryimage\"},\"thumbnailUrl\":\"http:\/\/calypso-service.com\/wp-content\/uploads\/2018\/11\/calypso-service-formation-tunisie.jpg\",\"datePublished\":\"2018-11-15T13:50:16+00:00\",\"dateModified\":\"2024-04-13T10:39:19+00:00\",\"description\":\"Calypso Services intervient pour apporter \u00e0 ses clients des solutions de logistiques et d'assistance m\u00e9dicale\",\"breadcrumb\":{\"@id\":\"https:\/\/calypso-service.com\/#breadcrumb\"},\"inLanguage\":\"fr-BE\",\"potentialAction\":[{\"@type\":\"ReadAction\",\"target\":[\"https:\/\/calypso-service.com\/\"]}]},{\"@type\":\"ImageObject\",\"inLanguage\":\"fr-BE\",\"@id\":\"https:\/\/calypso-service.com\/#primaryimage\",\"url\":\"http:\/\/calypso-service.com\/wp-content\/uploads\/2018\/11\/calypso-service-formation-tunisie.jpg\",\"contentUrl\":\"http:\/\/calypso-service.com\/wp-content\/uploads\/2018\/11\/calypso-service-formation-tunisie.jpg\"},{\"@type\":\"BreadcrumbList\",\"@id\":\"https:\/\/calypso-service.com\/#breadcrumb\",\"itemListElement\":[{\"@type\":\"ListItem\",\"position\":1,\"name\":\"Accueil\",\"item\":\"https:\/\/calypso-service.com\/\"},{\"@type\":\"ListItem\",\"position\":2,\"name\":\"Front Page\"}]},{\"@type\":\"WebSite\",\"@id\":\"https:\/\/calypso-service.com\/#website\",\"url\":\"https:\/\/calypso-service.com\/\",\"name\":\"Calypso Services\",\"description\":\"Assistance M\u00e9dicale en Tunisie\",\"publisher\":{\"@id\":\"https:\/\/calypso-service.com\/#organization\"},\"potentialAction\":[{\"@type\":\"SearchAction\",\"target\":{\"@type\":\"EntryPoint\",\"urlTemplate\":\"https:\/\/calypso-service.com\/?s={search_term_string}\"},\"query-input\":\"required name=search_term_string\"}],\"inLanguage\":\"fr-BE\"},{\"@type\":\"Organization\",\"@id\":\"https:\/\/calypso-service.com\/#organization\",\"name\":\"Calypso Services\",\"url\":\"https:\/\/calypso-service.com\/\",\"logo\":{\"@type\":\"ImageObject\",\"inLanguage\":\"fr-BE\",\"@id\":\"https:\/\/calypso-service.com\/#\/schema\/logo\/image\/\",\"url\":\"https:\/\/calypso-service.com\/wp-content\/uploads\/2018\/12\/cropped-Sans-titre-1-2.png\",\"contentUrl\":\"https:\/\/calypso-service.com\/wp-content\/uploads\/2018\/12\/cropped-Sans-titre-1-2.png\",\"width\":150,\"height\":70,\"caption\":\"Calypso Services\"},\"image\":{\"@id\":\"https:\/\/calypso-service.com\/#\/schema\/logo\/image\/\"},\"sameAs\":[\"https:\/\/www.facebook.com\/Calypso.Service\/\",\"https:\/\/www.linkedin.com\/company\/calypsoservices\"]}]}<\/script>\n<!-- \/ Yoast SEO plugin. -->","yoast_head_json":{"title":"Calypso Services Leader de l'assistance m\u00e9dicale en Tunisie","description":"Calypso Services intervient pour apporter \u00e0 ses clients des solutions de logistiques et d'assistance m\u00e9dicale","robots":{"index":"index","follow":"follow","max-snippet":"max-snippet:-1","max-image-preview":"max-image-preview:large","max-video-preview":"max-video-preview:-1"},"canonical":"https:\/\/calypso-service.com\/","og_locale":"fr_FR","og_type":"article","og_title":"Calypso Services Leader de l'assistance m\u00e9dicale en Tunisie","og_description":"Calypso Services intervient pour apporter \u00e0 ses clients des solutions de logistiques et d'assistance m\u00e9dicale","og_url":"https:\/\/calypso-service.com\/","og_site_name":"Calypso Services","article_publisher":"https:\/\/www.facebook.com\/Calypso.Service\/","article_modified_time":"2024-04-13T10:39:19+00:00","og_image":[{"url":"http:\/\/calypso-service.com\/wp-content\/uploads\/2018\/11\/calypso-service-formation-tunisie.jpg"}],"twitter_card":"summary_large_image","twitter_misc":{"Dur\u00e9e de lecture est.":"3 minutes"},"schema":{"@context":"https:\/\/schema.org","@graph":[{"@type":"WebPage","@id":"https:\/\/calypso-service.com\/","url":"https:\/\/calypso-service.com\/","name":"Calypso Services Leader de l'assistance m\u00e9dicale en Tunisie","isPartOf":{"@id":"https:\/\/calypso-service.com\/#website"},"primaryImageOfPage":{"@id":"https:\/\/calypso-service.com\/#primaryimage"},"image":{"@id":"https:\/\/calypso-service.com\/#primaryimage"},"thumbnailUrl":"http:\/\/calypso-service.com\/wp-content\/uploads\/2018\/11\/calypso-service-formation-tunisie.jpg","datePublished":"2018-11-15T13:50:16+00:00","dateModified":"2024-04-13T10:39:19+00:00","description":"Calypso Services intervient pour apporter \u00e0 ses clients des solutions de logistiques et d'assistance m\u00e9dicale","breadcrumb":{"@id":"https:\/\/calypso-service.com\/#breadcrumb"},"inLanguage":"fr-BE","potentialAction":[{"@type":"ReadAction","target":["https:\/\/calypso-service.com\/"]}]},{"@type":"ImageObject","inLanguage":"fr-BE","@id":"https:\/\/calypso-service.com\/#primaryimage","url":"http:\/\/calypso-service.com\/wp-content\/uploads\/2018\/11\/calypso-service-formation-tunisie.jpg","contentUrl":"http:\/\/calypso-service.com\/wp-content\/uploads\/2018\/11\/calypso-service-formation-tunisie.jpg"},{"@type":"BreadcrumbList","@id":"https:\/\/calypso-service.com\/#breadcrumb","itemListElement":[{"@type":"ListItem","position":1,"name":"Accueil","item":"https:\/\/calypso-service.com\/"},{"@type":"ListItem","position":2,"name":"Front Page"}]},{"@type":"WebSite","@id":"https:\/\/calypso-service.com\/#website","url":"https:\/\/calypso-service.com\/","name":"Calypso Services","description":"Assistance M\u00e9dicale en Tunisie","publisher":{"@id":"https:\/\/calypso-service.com\/#organization"},"potentialAction":[{"@type":"SearchAction","target":{"@type":"EntryPoint","urlTemplate":"https:\/\/calypso-service.com\/?s={search_term_string}"},"query-input":"required name=search_term_string"}],"inLanguage":"fr-BE"},{"@type":"Organization","@id":"https:\/\/calypso-service.com\/#organization","name":"Calypso Services","url":"https:\/\/calypso-service.com\/","logo":{"@type":"ImageObject","inLanguage":"fr-BE","@id":"https:\/\/calypso-service.com\/#\/schema\/logo\/image\/","url":"https:\/\/calypso-service.com\/wp-content\/uploads\/2018\/12\/cropped-Sans-titre-1-2.png","contentUrl":"https:\/\/calypso-service.com\/wp-content\/uploads\/2018\/12\/cropped-Sans-titre-1-2.png","width":150,"height":70,"caption":"Calypso Services"},"image":{"@id":"https:\/\/calypso-service.com\/#\/schema\/logo\/image\/"},"sameAs":["https:\/\/www.facebook.com\/Calypso.Service\/","https:\/\/www.linkedin.com\/company\/calypsoservices"]}]}},"_links":{"self":[{"href":"https:\/\/calypso-service.com\/index.php\/wp-json\/wp\/v2\/pages\/5","targetHints":{"allow":["GET"]}}],"collection":[{"href":"https:\/\/calypso-service.com\/index.php\/wp-json\/wp\/v2\/pages"}],"about":[{"href":"https:\/\/calypso-service.com\/index.php\/wp-json\/wp\/v2\/types\/page"}],"author":[{"embeddable":true,"href":"https:\/\/calypso-service.com\/index.php\/wp-json\/wp\/v2\/users\/1"}],"replies":[{"embeddable":true,"href":"https:\/\/calypso-service.com\/index.php\/wp-json\/wp\/v2\/comments?post=5"}],"version-history":[{"count":43,"href":"https:\/\/calypso-service.com\/index.php\/wp-json\/wp\/v2\/pages\/5\/revisions"}],"predecessor-version":[{"id":509,"href":"https:\/\/calypso-service.com\/index.php\/wp-json\/wp\/v2\/pages\/5\/revisions\/509"}],"wp:attachment":[{"href":"https:\/\/calypso-service.com\/index.php\/wp-json\/wp\/v2\/media?parent=5"}],"curies":[{"name":"wp","href":"https:\/\/api.w.org\/{rel}","templated":true}]}}