{"id":455,"date":"2022-04-25T13:03:04","date_gmt":"2022-04-25T11:03:04","guid":{"rendered":"http:\/\/calypso-service.com\/?page_id=455"},"modified":"2022-04-25T13:06:24","modified_gmt":"2022-04-25T11:06:24","slug":"code-ethique-2","status":"publish","type":"page","link":"https:\/\/calypso-service.com\/index.php\/code-ethique-2\/","title":{"rendered":"Code Ethique"},"content":{"rendered":"<!-- wp:paragraph--><div class=\"gridContainer\">\n<p>L\u2019efficacit\u00e9 et la p\u00e9rennit\u00e9 de CALYPSO SERVICES reposent sur la confiance que celle-ci inspire \u00e0 ses clients, \u00e0 ses collaborateurs, et \u00e0 ses partenaires. Notre d\u00e9veloppement et l\u2019atteinte de nos objectifs ne seront assur\u00e9s que par une attitude \u00e9quitable et honn\u00eate envers eux.<\/p>\n<\/div><!-- \/wp:paragraph-->\n\n<!-- wp:paragraph--><div class=\"gridContainer\">\n<p>Dans ce cadre CALYPSO SERVICES a d\u00e9cid\u00e9 d\u2019\u00e9laborer un code \u00e9thique qui contient l\u2019\u00e9nonc\u00e9 des principes et des valeurs g\u00e9n\u00e9raux de l\u00e9galit\u00e9, transparence, inclusion et int\u00e9grit\u00e9.<\/p>\n<\/div><!-- \/wp:paragraph-->\n\n<!-- wp:paragraph--><div class=\"gridContainer\">\n<p>Le respect de ce code doit \u00eatre l\u2019affaire de tous et une voie prioritaire de progr\u00e8s et d\u2019excellence.<\/p>\n<\/div><!-- \/wp:paragraph-->\n\n<!-- wp:paragraph--><div class=\"gridContainer\">\n<p><strong><u>Nos valeurs<\/u><\/strong><\/p>\n<\/div><!-- \/wp:paragraph-->\n\n<!-- wp:paragraph--><div class=\"gridContainer\">\n<p><strong>-Respect&nbsp;:<\/strong><\/p>\n<\/div><!-- \/wp:paragraph-->\n\n<!-- wp:paragraph--><div class=\"gridContainer\">\n<p>Le respect est une valeur fondamentale au travail&nbsp;; Nous traitons autrui comme nous voulons qu\u2019il nous traite<\/p>\n<\/div><!-- \/wp:paragraph-->\n\n<!-- wp:paragraph--><div class=\"gridContainer\">\n<p><strong>&#8211;<\/strong><strong>L\u00e9galit\u00e9&nbsp;:<\/strong><\/p>\n<\/div><!-- \/wp:paragraph-->\n\n<!-- wp:paragraph--><div class=\"gridContainer\">\n<p>Se conformer d\u2019une mani\u00e8re rigoureuse aux exigences l\u00e9gales et r\u00e9glementaires applicables.<\/p>\n<\/div><!-- \/wp:paragraph-->\n\n<!-- wp:paragraph--><div class=\"gridContainer\">\n<p><strong>-Int\u00e9grit\u00e9&nbsp;:<\/strong><\/p>\n<\/div><!-- \/wp:paragraph-->\n\n<!-- wp:paragraph--><div class=\"gridContainer\">\n<p>On favorise une culture d\u2019int\u00e9grit\u00e9 pour instaurer les valeurs de l&#8217;honn\u00eatet\u00e9, la fiabilit\u00e9, la morale et l\u2019honneur.<\/p>\n<\/div><!-- \/wp:paragraph-->\n\n<!-- wp:paragraph--><div class=\"gridContainer\">\n<p><strong>-Le sens de l\u2019\u00e9coute et la r\u00e9activit\u00e9&nbsp;:<\/strong><\/p>\n<\/div><!-- \/wp:paragraph-->\n\n<!-- wp:paragraph--><div class=\"gridContainer\">\n<p>&nbsp;\u00catre attentif aux dits et aux non dits des clients et des collaborateurs. Avoir de l\u2019empathie et se mettre \u00e0 la place des autres.<\/p>\n<\/div><!-- \/wp:paragraph-->\n\n<!-- wp:paragraph--><div class=\"gridContainer\">\n<p>Savoir que le demandeur d\u2019assistance n\u2019est pas dans sa situation habituelle&nbsp;; il est perturb\u00e9, angoiss\u00e9 et a besoin de sentir qu\u2019il &nbsp;est bien assist\u00e9 et bien pris en charge.<\/p>\n<\/div><!-- \/wp:paragraph-->\n\n<!-- wp:paragraph--><div class=\"gridContainer\">\n<p><strong>-Equit\u00e9&nbsp;:<\/strong><\/p>\n<\/div><!-- \/wp:paragraph-->\n\n<!-- wp:paragraph--><div class=\"gridContainer\">\n<p>Chacun peut pr\u00e9tendre \u00e0 un traitement juste, \u00e9galitaire et raisonnable.<\/p>\n<\/div><!-- \/wp:paragraph-->\n\n<!-- wp:paragraph--><div class=\"gridContainer\">\n<p><strong>&#8211;<\/strong><strong>Transparence&nbsp;:<\/strong><\/p>\n<\/div><!-- \/wp:paragraph-->\n\n<!-- wp:paragraph--><div class=\"gridContainer\">\n<p>Le principe de transparence est une priorit\u00e9 et une cl\u00e9 de succ\u00e8s tout en gardant une certaine confidentialit\u00e9 de l\u2019information.<\/p>\n<\/div><!-- \/wp:paragraph-->\n\n<!-- wp:paragraph--><div class=\"gridContainer\">\n<p><strong>-Innovation&nbsp;:<\/strong><\/p>\n<\/div><!-- \/wp:paragraph-->\n\n<!-- wp:paragraph--><div class=\"gridContainer\">\n<p>Pour nous L\u2019innovation est un \u00e9tat d\u2019esprit et une volont\u00e9 de croissance et d\u2019am\u00e9lioration continue. Calypso services con\u00e7oit et r\u00e9alise ses prestations dans un souci permanent de la qualit\u00e9 et du d\u00e9veloppement durable.<\/p>\n<\/div><!-- \/wp:paragraph-->\n\n<!-- wp:paragraph--><div class=\"gridContainer\">\n<p><strong>-Excellence&nbsp;:<\/strong><\/p>\n<\/div><!-- \/wp:paragraph-->\n\n<!-- wp:paragraph--><div class=\"gridContainer\">\n<p>On applique les bons outils aux bons processus pour accroitre la perfection.<\/p>\n<\/div><!-- \/wp:paragraph-->\n\n<!-- wp:paragraph--><div class=\"gridContainer\">\n<p><strong>&nbsp;<\/strong><strong><u>Nos responsabilit\u00e9s et engagements<\/u><\/strong><\/p>\n<\/div><!-- \/wp:paragraph-->\n\n<!-- wp:paragraph--><div class=\"gridContainer\">\n<p><strong>*Une lutte active contre la corruption&nbsp;<\/strong><\/p>\n<\/div><!-- \/wp:paragraph-->\n\n<!-- wp:paragraph--><div class=\"gridContainer\">\n<p>Calypso services consid\u00e8re la corruption un obstacle inadmissible et intol\u00e9rable \u00e0 l\u2019efficacit\u00e9 de ses affaires qui peut ruiner sa r\u00e9putation et son image de marque.<\/p>\n<\/div><!-- \/wp:paragraph-->\n\n<!-- wp:paragraph--><div class=\"gridContainer\">\n<p>Dans ce cadre tout acte &nbsp;et toute forme de corruption sont prohib\u00e9s.<\/p>\n<\/div><!-- \/wp:paragraph-->\n\n<!-- wp:paragraph--><div class=\"gridContainer\">\n<p><strong>*Pr\u00e9vention des conflits d\u2019int\u00e9r\u00eat&nbsp;<\/strong><\/p>\n<\/div><!-- \/wp:paragraph-->\n\n<!-- wp:paragraph--><div class=\"gridContainer\">\n<p>Loyaut\u00e9 vis-\u00e0-vis de l\u2019entreprise, notamment en \u00e9vitant les conflits d\u2019int\u00e9r\u00eats<\/p>\n<\/div><!-- \/wp:paragraph-->\n\n<!-- wp:paragraph--><div class=\"gridContainer\">\n<p><strong>*Respect et protection de l\u2019environnement&nbsp; &nbsp;&nbsp;&nbsp;<\/strong><\/p>\n<\/div><!-- \/wp:paragraph-->\n\n<!-- wp:paragraph--><div class=\"gridContainer\">\n<p>Calypso services cherche toujours \u00e0 r\u00e9duire l\u2019impact environnemental de ses activit\u00e9s \u00e0 travers la maitrise de l\u2019\u00e9nergie et la gestion de tous types de d\u00e9chets.<\/p>\n<\/div><!-- \/wp:paragraph-->\n\n<!-- wp:paragraph--><div class=\"gridContainer\">\n<p><strong>*<\/strong><strong>Respect des droits humains fondamentaux&nbsp;<\/strong><\/p>\n<\/div><!-- \/wp:paragraph-->\n\n<!-- wp:paragraph--><div class=\"gridContainer\">\n<p>Calypso services conduit son d\u00e9veloppement dans le respect des droits humains et sociaux fondamentaux. La direction veille au respect des r\u00e8gles relatives \u00e0 la libert\u00e9 d\u2019association et aux conditions de travail, et s\u2019interdit de recourir au travail forc\u00e9, au travail obligatoire ou au travail des enfants, au sens des Conventions de l\u2019Organisation Internationale du Travail.<\/p>\n<\/div><!-- \/wp:paragraph-->\n\n<!-- wp:paragraph--><div class=\"gridContainer\">\n<p><strong>*<\/strong><strong>Respect du droit du travail&nbsp;<\/strong><\/p>\n<\/div><!-- \/wp:paragraph-->\n\n<!-- wp:paragraph--><div class=\"gridContainer\">\n<p>Calypso services respecte les dispositions de code de travail et de la convention collective de son secteur d\u2019activit\u00e9.<\/p>\n<\/div><!-- \/wp:paragraph-->\n\n<!-- wp:paragraph--><div class=\"gridContainer\">\n<p><strong>*Respect des r\u00e8gles de sant\u00e9 et de s\u00e9curit\u00e9&nbsp;<\/strong><\/p>\n<\/div><!-- \/wp:paragraph-->\n\n<!-- wp:paragraph--><div class=\"gridContainer\">\n<p>La sant\u00e9 et la s\u00e9curit\u00e9 de toutes les personnes pr\u00e9sentes sur nos diff\u00e9rents sites constituent nos plus grandes priorit\u00e9s.<\/p>\n<\/div><!-- \/wp:paragraph-->\n\n<!-- wp:paragraph--><div class=\"gridContainer\">\n<p>Notre objectif est de garantir et de maintenir un environnement de travail s\u00fbr et sain pour tous les intervenants.<\/p>\n<\/div><!-- \/wp:paragraph-->\n\n<!-- wp:paragraph--><div class=\"gridContainer\">\n<p><strong>*Relation avec les fournisseurs et les clients&nbsp;<\/strong><\/p>\n<\/div><!-- \/wp:paragraph-->\n\n<!-- wp:paragraph--><div class=\"gridContainer\">\n<p>Nous g\u00e9rons les relations avec nos fournisseurs et nos clients d\u2019une mani\u00e8re responsable et transparente. Nous \u00e9tablissons des relations mutuellement b\u00e9n\u00e9fiques et&nbsp; durables fond\u00e9es sur la confiance et l\u2019expertise.<\/p>\n<\/div><!-- \/wp:paragraph-->\n\n<!-- wp:paragraph--><div class=\"gridContainer\">\n<p><strong>*<\/strong><strong>Politique de traitement des donn\u00e9es \u00e0 caract\u00e8re personnel<\/strong><\/p>\n<\/div><!-- \/wp:paragraph-->\n\n<!-- wp:paragraph--><div class=\"gridContainer\">\n<p>Nous nous engageons \u00e0 respecter les exigences r\u00e9glementaires en ce qui concerne le traitement des donn\u00e9es \u00e0 caract\u00e8re personnel. De ce fait toute divulgation des informations confidentielles des collaborateurs, des patients et des b\u00e9n\u00e9ficiaires est strictement interdite.<\/p>\n<\/div><!-- \/wp:paragraph-->\n\n<!-- wp:paragraph--><div class=\"gridContainer\">\n<p><strong>*Le secret professionnel<\/strong><\/p>\n<\/div><!-- \/wp:paragraph-->\n\n<!-- wp:paragraph--><div class=\"gridContainer\">\n<p>Le secret professionnel est une composante essentielle de notre m\u00e9tier. Aucune \u00a0information confidentielle ne peut \u00eatre utilis\u00e9e en dehors du cadre professionnel.<\/p>\n<\/div><!-- \/wp:paragraph-->","protected":false},"excerpt":{"rendered":"<p>L\u2019efficacit\u00e9 et la p\u00e9rennit\u00e9 de CALYPSO SERVICES reposent sur la confiance que celle-ci inspire \u00e0 ses clients, \u00e0 ses collaborateurs, et \u00e0 ses partenaires. Notre d\u00e9veloppement et l\u2019atteinte de nos objectifs ne seront assur\u00e9s que par une attitude \u00e9quitable et honn\u00eate envers eux. Dans ce cadre CALYPSO SERVICES a d\u00e9cid\u00e9 d\u2019\u00e9laborer un code \u00e9thique qui&nbsp;&hellip;<\/p>\n","protected":false},"author":1,"featured_media":0,"parent":0,"menu_order":0,"comment_status":"closed","ping_status":"closed","template":"","meta":{"footnotes":""},"class_list":["post-455","page","type-page","status-publish","hentry"],"yoast_head":"<!-- This site is optimized with the Yoast SEO plugin v22.4 - https:\/\/yoast.com\/wordpress\/plugins\/seo\/ -->\n<title>Code Ethique - Calypso Services<\/title>\n<meta name=\"robots\" content=\"index, follow, max-snippet:-1, max-image-preview:large, max-video-preview:-1\" \/>\n<link rel=\"canonical\" href=\"https:\/\/calypso-service.com\/index.php\/code-ethique-2\/\" \/>\n<meta property=\"og:locale\" content=\"fr_FR\" \/>\n<meta property=\"og:type\" content=\"article\" \/>\n<meta property=\"og:title\" content=\"Code Ethique - Calypso Services\" \/>\n<meta property=\"og:description\" content=\"L\u2019efficacit\u00e9 et la p\u00e9rennit\u00e9 de CALYPSO SERVICES reposent sur la confiance que celle-ci inspire \u00e0 ses clients, \u00e0 ses collaborateurs, et \u00e0 ses partenaires. Notre d\u00e9veloppement et l\u2019atteinte de nos objectifs ne seront assur\u00e9s que par une attitude \u00e9quitable et honn\u00eate envers eux. Dans ce cadre CALYPSO SERVICES a d\u00e9cid\u00e9 d\u2019\u00e9laborer un code \u00e9thique qui&nbsp;&hellip;\" \/>\n<meta property=\"og:url\" content=\"https:\/\/calypso-service.com\/index.php\/code-ethique-2\/\" \/>\n<meta property=\"og:site_name\" content=\"Calypso Services\" \/>\n<meta property=\"article:publisher\" content=\"https:\/\/www.facebook.com\/Calypso.Service\/\" \/>\n<meta property=\"article:modified_time\" content=\"2022-04-25T11:06:24+00:00\" \/>\n<meta name=\"twitter:card\" content=\"summary_large_image\" \/>\n<meta name=\"twitter:label1\" content=\"Dur\u00e9e de lecture est.\" \/>\n\t<meta name=\"twitter:data1\" content=\"4 minutes\" \/>\n<script type=\"application\/ld+json\" class=\"yoast-schema-graph\">{\"@context\":\"https:\/\/schema.org\",\"@graph\":[{\"@type\":\"WebPage\",\"@id\":\"https:\/\/calypso-service.com\/index.php\/code-ethique-2\/\",\"url\":\"https:\/\/calypso-service.com\/index.php\/code-ethique-2\/\",\"name\":\"Code Ethique - Calypso Services\",\"isPartOf\":{\"@id\":\"https:\/\/calypso-service.com\/#website\"},\"datePublished\":\"2022-04-25T11:03:04+00:00\",\"dateModified\":\"2022-04-25T11:06:24+00:00\",\"breadcrumb\":{\"@id\":\"https:\/\/calypso-service.com\/index.php\/code-ethique-2\/#breadcrumb\"},\"inLanguage\":\"fr-BE\",\"potentialAction\":[{\"@type\":\"ReadAction\",\"target\":[\"https:\/\/calypso-service.com\/index.php\/code-ethique-2\/\"]}]},{\"@type\":\"BreadcrumbList\",\"@id\":\"https:\/\/calypso-service.com\/index.php\/code-ethique-2\/#breadcrumb\",\"itemListElement\":[{\"@type\":\"ListItem\",\"position\":1,\"name\":\"Accueil\",\"item\":\"https:\/\/calypso-service.com\/\"},{\"@type\":\"ListItem\",\"position\":2,\"name\":\"Code Ethique\"}]},{\"@type\":\"WebSite\",\"@id\":\"https:\/\/calypso-service.com\/#website\",\"url\":\"https:\/\/calypso-service.com\/\",\"name\":\"Calypso Services\",\"description\":\"Assistance M\u00e9dicale en Tunisie\",\"publisher\":{\"@id\":\"https:\/\/calypso-service.com\/#organization\"},\"potentialAction\":[{\"@type\":\"SearchAction\",\"target\":{\"@type\":\"EntryPoint\",\"urlTemplate\":\"https:\/\/calypso-service.com\/?s={search_term_string}\"},\"query-input\":\"required name=search_term_string\"}],\"inLanguage\":\"fr-BE\"},{\"@type\":\"Organization\",\"@id\":\"https:\/\/calypso-service.com\/#organization\",\"name\":\"Calypso Services\",\"url\":\"https:\/\/calypso-service.com\/\",\"logo\":{\"@type\":\"ImageObject\",\"inLanguage\":\"fr-BE\",\"@id\":\"https:\/\/calypso-service.com\/#\/schema\/logo\/image\/\",\"url\":\"https:\/\/calypso-service.com\/wp-content\/uploads\/2018\/12\/cropped-Sans-titre-1-2.png\",\"contentUrl\":\"https:\/\/calypso-service.com\/wp-content\/uploads\/2018\/12\/cropped-Sans-titre-1-2.png\",\"width\":150,\"height\":70,\"caption\":\"Calypso Services\"},\"image\":{\"@id\":\"https:\/\/calypso-service.com\/#\/schema\/logo\/image\/\"},\"sameAs\":[\"https:\/\/www.facebook.com\/Calypso.Service\/\",\"https:\/\/www.linkedin.com\/company\/calypsoservices\"]}]}<\/script>\n<!-- \/ Yoast SEO plugin. -->","yoast_head_json":{"title":"Code Ethique - Calypso Services","robots":{"index":"index","follow":"follow","max-snippet":"max-snippet:-1","max-image-preview":"max-image-preview:large","max-video-preview":"max-video-preview:-1"},"canonical":"https:\/\/calypso-service.com\/index.php\/code-ethique-2\/","og_locale":"fr_FR","og_type":"article","og_title":"Code Ethique - Calypso Services","og_description":"L\u2019efficacit\u00e9 et la p\u00e9rennit\u00e9 de CALYPSO SERVICES reposent sur la confiance que celle-ci inspire \u00e0 ses clients, \u00e0 ses collaborateurs, et \u00e0 ses partenaires. Notre d\u00e9veloppement et l\u2019atteinte de nos objectifs ne seront assur\u00e9s que par une attitude \u00e9quitable et honn\u00eate envers eux. Dans ce cadre CALYPSO SERVICES a d\u00e9cid\u00e9 d\u2019\u00e9laborer un code \u00e9thique qui&nbsp;&hellip;","og_url":"https:\/\/calypso-service.com\/index.php\/code-ethique-2\/","og_site_name":"Calypso Services","article_publisher":"https:\/\/www.facebook.com\/Calypso.Service\/","article_modified_time":"2022-04-25T11:06:24+00:00","twitter_card":"summary_large_image","twitter_misc":{"Dur\u00e9e de lecture est.":"4 minutes"},"schema":{"@context":"https:\/\/schema.org","@graph":[{"@type":"WebPage","@id":"https:\/\/calypso-service.com\/index.php\/code-ethique-2\/","url":"https:\/\/calypso-service.com\/index.php\/code-ethique-2\/","name":"Code Ethique - Calypso Services","isPartOf":{"@id":"https:\/\/calypso-service.com\/#website"},"datePublished":"2022-04-25T11:03:04+00:00","dateModified":"2022-04-25T11:06:24+00:00","breadcrumb":{"@id":"https:\/\/calypso-service.com\/index.php\/code-ethique-2\/#breadcrumb"},"inLanguage":"fr-BE","potentialAction":[{"@type":"ReadAction","target":["https:\/\/calypso-service.com\/index.php\/code-ethique-2\/"]}]},{"@type":"BreadcrumbList","@id":"https:\/\/calypso-service.com\/index.php\/code-ethique-2\/#breadcrumb","itemListElement":[{"@type":"ListItem","position":1,"name":"Accueil","item":"https:\/\/calypso-service.com\/"},{"@type":"ListItem","position":2,"name":"Code Ethique"}]},{"@type":"WebSite","@id":"https:\/\/calypso-service.com\/#website","url":"https:\/\/calypso-service.com\/","name":"Calypso Services","description":"Assistance M\u00e9dicale en Tunisie","publisher":{"@id":"https:\/\/calypso-service.com\/#organization"},"potentialAction":[{"@type":"SearchAction","target":{"@type":"EntryPoint","urlTemplate":"https:\/\/calypso-service.com\/?s={search_term_string}"},"query-input":"required name=search_term_string"}],"inLanguage":"fr-BE"},{"@type":"Organization","@id":"https:\/\/calypso-service.com\/#organization","name":"Calypso Services","url":"https:\/\/calypso-service.com\/","logo":{"@type":"ImageObject","inLanguage":"fr-BE","@id":"https:\/\/calypso-service.com\/#\/schema\/logo\/image\/","url":"https:\/\/calypso-service.com\/wp-content\/uploads\/2018\/12\/cropped-Sans-titre-1-2.png","contentUrl":"https:\/\/calypso-service.com\/wp-content\/uploads\/2018\/12\/cropped-Sans-titre-1-2.png","width":150,"height":70,"caption":"Calypso Services"},"image":{"@id":"https:\/\/calypso-service.com\/#\/schema\/logo\/image\/"},"sameAs":["https:\/\/www.facebook.com\/Calypso.Service\/","https:\/\/www.linkedin.com\/company\/calypsoservices"]}]}},"_links":{"self":[{"href":"https:\/\/calypso-service.com\/index.php\/wp-json\/wp\/v2\/pages\/455","targetHints":{"allow":["GET"]}}],"collection":[{"href":"https:\/\/calypso-service.com\/index.php\/wp-json\/wp\/v2\/pages"}],"about":[{"href":"https:\/\/calypso-service.com\/index.php\/wp-json\/wp\/v2\/types\/page"}],"author":[{"embeddable":true,"href":"https:\/\/calypso-service.com\/index.php\/wp-json\/wp\/v2\/users\/1"}],"replies":[{"embeddable":true,"href":"https:\/\/calypso-service.com\/index.php\/wp-json\/wp\/v2\/comments?post=455"}],"version-history":[{"count":2,"href":"https:\/\/calypso-service.com\/index.php\/wp-json\/wp\/v2\/pages\/455\/revisions"}],"predecessor-version":[{"id":457,"href":"https:\/\/calypso-service.com\/index.php\/wp-json\/wp\/v2\/pages\/455\/revisions\/457"}],"wp:attachment":[{"href":"https:\/\/calypso-service.com\/index.php\/wp-json\/wp\/v2\/media?parent=455"}],"curies":[{"name":"wp","href":"https:\/\/api.w.org\/{rel}","templated":true}]}}