{"id":24,"date":"2018-11-15T15:17:36","date_gmt":"2018-11-15T14:17:36","guid":{"rendered":"http:\/\/calypso-service.com\/?page_id=24"},"modified":"2018-11-15T15:17:36","modified_gmt":"2018-11-15T14:17:36","slug":"assistance-a-domicile","status":"publish","type":"page","link":"https:\/\/calypso-service.com\/index.php\/assistance-a-domicile\/","title":{"rendered":"Assistance \u00e0 Domicile"},"content":{"rendered":"<div class=\"left-cols\">\n<div class=\"left-crds\">\n<div class=\"left-cat first\"><\/div>\n<div class=\"left-cat \">\n<h2><\/h2>\n<\/div>\n<div class=\"left-cat \"><\/div>\n<\/div>\n<\/div>\n<div class=\"center-cols \">\n<p>L&#8217;Assistance m\u00e9dicale \u00e0 domicile est une solution compl\u00e9mentaire ou alternative \u00e0 l\u2019hospitalisation. Elle regroupe l&#8217;ensemble des services qui permettent aux patients de suivre leur traitement dans leur cadre de vie habituel en toute s\u00e9curit\u00e9 tout en restant dans son environnement familial, garde ses rep\u00e8res.<\/p>\n<p>Compl\u00e9ment ou alternative \u00e0 l&#8217;hospitalisation traditionnelle, l&#8217;assistance \u00e0 domicile pr\u00e9sente plusieurs avantages \u00e9conomiques, psychologiques et sanitaires.<\/p>\n<p>L&#8217;assistance m\u00e9dicale \u00e0 domicile peut co\u00fbter plusieurs fois moins ch\u00e8re qu&#8217;une hospitalisation classique. A terme l&#8217;h\u00f4pital est un plateau technique o\u00f9 l&#8217;on traite g\u00e9n\u00e9ralement les urgences, par contre divers autres soins pouvant \u00eatre pris en charge \u00e0 domicile \u00e0 des co\u00fbts inf\u00e9rieurs<\/p>\n<\/div>\n","protected":false},"excerpt":{"rendered":"<p>L&#8217;Assistance m\u00e9dicale \u00e0 domicile est une solution compl\u00e9mentaire ou alternative \u00e0 l\u2019hospitalisation. Elle regroupe l&#8217;ensemble des services qui permettent aux patients de suivre leur traitement dans leur cadre de vie habituel en toute s\u00e9curit\u00e9 tout en restant dans son environnement familial, garde ses rep\u00e8res. Compl\u00e9ment ou alternative \u00e0 l&#8217;hospitalisation traditionnelle, l&#8217;assistance \u00e0 domicile pr\u00e9sente plusieurs&nbsp;&hellip;<\/p>\n","protected":false},"author":1,"featured_media":0,"parent":0,"menu_order":0,"comment_status":"closed","ping_status":"closed","template":"","meta":{"footnotes":""},"class_list":["post-24","page","type-page","status-publish","hentry"],"yoast_head":"<!-- This site is optimized with the Yoast SEO plugin v22.4 - https:\/\/yoast.com\/wordpress\/plugins\/seo\/ -->\n<title>Assistance \u00e0 Domicile - Calypso Services<\/title>\n<meta name=\"robots\" content=\"index, follow, max-snippet:-1, max-image-preview:large, max-video-preview:-1\" \/>\n<link rel=\"canonical\" href=\"https:\/\/calypso-service.com\/index.php\/assistance-a-domicile\/\" \/>\n<meta property=\"og:locale\" content=\"fr_FR\" \/>\n<meta property=\"og:type\" content=\"article\" \/>\n<meta property=\"og:title\" content=\"Assistance \u00e0 Domicile - Calypso Services\" \/>\n<meta property=\"og:description\" content=\"L&#8217;Assistance m\u00e9dicale \u00e0 domicile est une solution compl\u00e9mentaire ou alternative \u00e0 l\u2019hospitalisation. Elle regroupe l&#8217;ensemble des services qui permettent aux patients de suivre leur traitement dans leur cadre de vie habituel en toute s\u00e9curit\u00e9 tout en restant dans son environnement familial, garde ses rep\u00e8res. Compl\u00e9ment ou alternative \u00e0 l&#8217;hospitalisation traditionnelle, l&#8217;assistance \u00e0 domicile pr\u00e9sente plusieurs&nbsp;&hellip;\" \/>\n<meta property=\"og:url\" content=\"https:\/\/calypso-service.com\/index.php\/assistance-a-domicile\/\" \/>\n<meta property=\"og:site_name\" content=\"Calypso Services\" \/>\n<meta property=\"article:publisher\" content=\"https:\/\/www.facebook.com\/Calypso.Service\/\" \/>\n<meta name=\"twitter:card\" content=\"summary_large_image\" \/>\n<meta name=\"twitter:label1\" content=\"Dur\u00e9e de lecture est.\" \/>\n\t<meta name=\"twitter:data1\" content=\"1 minute\" \/>\n<script type=\"application\/ld+json\" class=\"yoast-schema-graph\">{\"@context\":\"https:\/\/schema.org\",\"@graph\":[{\"@type\":\"WebPage\",\"@id\":\"https:\/\/calypso-service.com\/index.php\/assistance-a-domicile\/\",\"url\":\"https:\/\/calypso-service.com\/index.php\/assistance-a-domicile\/\",\"name\":\"Assistance \u00e0 Domicile - Calypso Services\",\"isPartOf\":{\"@id\":\"https:\/\/calypso-service.com\/#website\"},\"datePublished\":\"2018-11-15T14:17:36+00:00\",\"dateModified\":\"2018-11-15T14:17:36+00:00\",\"breadcrumb\":{\"@id\":\"https:\/\/calypso-service.com\/index.php\/assistance-a-domicile\/#breadcrumb\"},\"inLanguage\":\"fr-BE\",\"potentialAction\":[{\"@type\":\"ReadAction\",\"target\":[\"https:\/\/calypso-service.com\/index.php\/assistance-a-domicile\/\"]}]},{\"@type\":\"BreadcrumbList\",\"@id\":\"https:\/\/calypso-service.com\/index.php\/assistance-a-domicile\/#breadcrumb\",\"itemListElement\":[{\"@type\":\"ListItem\",\"position\":1,\"name\":\"Accueil\",\"item\":\"https:\/\/calypso-service.com\/\"},{\"@type\":\"ListItem\",\"position\":2,\"name\":\"Assistance \u00e0 Domicile\"}]},{\"@type\":\"WebSite\",\"@id\":\"https:\/\/calypso-service.com\/#website\",\"url\":\"https:\/\/calypso-service.com\/\",\"name\":\"Calypso Services\",\"description\":\"Assistance M\u00e9dicale en Tunisie\",\"publisher\":{\"@id\":\"https:\/\/calypso-service.com\/#organization\"},\"potentialAction\":[{\"@type\":\"SearchAction\",\"target\":{\"@type\":\"EntryPoint\",\"urlTemplate\":\"https:\/\/calypso-service.com\/?s={search_term_string}\"},\"query-input\":\"required name=search_term_string\"}],\"inLanguage\":\"fr-BE\"},{\"@type\":\"Organization\",\"@id\":\"https:\/\/calypso-service.com\/#organization\",\"name\":\"Calypso Services\",\"url\":\"https:\/\/calypso-service.com\/\",\"logo\":{\"@type\":\"ImageObject\",\"inLanguage\":\"fr-BE\",\"@id\":\"https:\/\/calypso-service.com\/#\/schema\/logo\/image\/\",\"url\":\"https:\/\/calypso-service.com\/wp-content\/uploads\/2018\/12\/cropped-Sans-titre-1-2.png\",\"contentUrl\":\"https:\/\/calypso-service.com\/wp-content\/uploads\/2018\/12\/cropped-Sans-titre-1-2.png\",\"width\":150,\"height\":70,\"caption\":\"Calypso Services\"},\"image\":{\"@id\":\"https:\/\/calypso-service.com\/#\/schema\/logo\/image\/\"},\"sameAs\":[\"https:\/\/www.facebook.com\/Calypso.Service\/\",\"https:\/\/www.linkedin.com\/company\/calypsoservices\"]}]}<\/script>\n<!-- \/ Yoast SEO plugin. -->","yoast_head_json":{"title":"Assistance \u00e0 Domicile - Calypso Services","robots":{"index":"index","follow":"follow","max-snippet":"max-snippet:-1","max-image-preview":"max-image-preview:large","max-video-preview":"max-video-preview:-1"},"canonical":"https:\/\/calypso-service.com\/index.php\/assistance-a-domicile\/","og_locale":"fr_FR","og_type":"article","og_title":"Assistance \u00e0 Domicile - Calypso Services","og_description":"L&#8217;Assistance m\u00e9dicale \u00e0 domicile est une solution compl\u00e9mentaire ou alternative \u00e0 l\u2019hospitalisation. Elle regroupe l&#8217;ensemble des services qui permettent aux patients de suivre leur traitement dans leur cadre de vie habituel en toute s\u00e9curit\u00e9 tout en restant dans son environnement familial, garde ses rep\u00e8res. Compl\u00e9ment ou alternative \u00e0 l&#8217;hospitalisation traditionnelle, l&#8217;assistance \u00e0 domicile pr\u00e9sente plusieurs&nbsp;&hellip;","og_url":"https:\/\/calypso-service.com\/index.php\/assistance-a-domicile\/","og_site_name":"Calypso Services","article_publisher":"https:\/\/www.facebook.com\/Calypso.Service\/","twitter_card":"summary_large_image","twitter_misc":{"Dur\u00e9e de lecture est.":"1 minute"},"schema":{"@context":"https:\/\/schema.org","@graph":[{"@type":"WebPage","@id":"https:\/\/calypso-service.com\/index.php\/assistance-a-domicile\/","url":"https:\/\/calypso-service.com\/index.php\/assistance-a-domicile\/","name":"Assistance \u00e0 Domicile - Calypso Services","isPartOf":{"@id":"https:\/\/calypso-service.com\/#website"},"datePublished":"2018-11-15T14:17:36+00:00","dateModified":"2018-11-15T14:17:36+00:00","breadcrumb":{"@id":"https:\/\/calypso-service.com\/index.php\/assistance-a-domicile\/#breadcrumb"},"inLanguage":"fr-BE","potentialAction":[{"@type":"ReadAction","target":["https:\/\/calypso-service.com\/index.php\/assistance-a-domicile\/"]}]},{"@type":"BreadcrumbList","@id":"https:\/\/calypso-service.com\/index.php\/assistance-a-domicile\/#breadcrumb","itemListElement":[{"@type":"ListItem","position":1,"name":"Accueil","item":"https:\/\/calypso-service.com\/"},{"@type":"ListItem","position":2,"name":"Assistance \u00e0 Domicile"}]},{"@type":"WebSite","@id":"https:\/\/calypso-service.com\/#website","url":"https:\/\/calypso-service.com\/","name":"Calypso Services","description":"Assistance M\u00e9dicale en Tunisie","publisher":{"@id":"https:\/\/calypso-service.com\/#organization"},"potentialAction":[{"@type":"SearchAction","target":{"@type":"EntryPoint","urlTemplate":"https:\/\/calypso-service.com\/?s={search_term_string}"},"query-input":"required name=search_term_string"}],"inLanguage":"fr-BE"},{"@type":"Organization","@id":"https:\/\/calypso-service.com\/#organization","name":"Calypso Services","url":"https:\/\/calypso-service.com\/","logo":{"@type":"ImageObject","inLanguage":"fr-BE","@id":"https:\/\/calypso-service.com\/#\/schema\/logo\/image\/","url":"https:\/\/calypso-service.com\/wp-content\/uploads\/2018\/12\/cropped-Sans-titre-1-2.png","contentUrl":"https:\/\/calypso-service.com\/wp-content\/uploads\/2018\/12\/cropped-Sans-titre-1-2.png","width":150,"height":70,"caption":"Calypso Services"},"image":{"@id":"https:\/\/calypso-service.com\/#\/schema\/logo\/image\/"},"sameAs":["https:\/\/www.facebook.com\/Calypso.Service\/","https:\/\/www.linkedin.com\/company\/calypsoservices"]}]}},"_links":{"self":[{"href":"https:\/\/calypso-service.com\/index.php\/wp-json\/wp\/v2\/pages\/24","targetHints":{"allow":["GET"]}}],"collection":[{"href":"https:\/\/calypso-service.com\/index.php\/wp-json\/wp\/v2\/pages"}],"about":[{"href":"https:\/\/calypso-service.com\/index.php\/wp-json\/wp\/v2\/types\/page"}],"author":[{"embeddable":true,"href":"https:\/\/calypso-service.com\/index.php\/wp-json\/wp\/v2\/users\/1"}],"replies":[{"embeddable":true,"href":"https:\/\/calypso-service.com\/index.php\/wp-json\/wp\/v2\/comments?post=24"}],"version-history":[{"count":1,"href":"https:\/\/calypso-service.com\/index.php\/wp-json\/wp\/v2\/pages\/24\/revisions"}],"predecessor-version":[{"id":25,"href":"https:\/\/calypso-service.com\/index.php\/wp-json\/wp\/v2\/pages\/24\/revisions\/25"}],"wp:attachment":[{"href":"https:\/\/calypso-service.com\/index.php\/wp-json\/wp\/v2\/media?parent=24"}],"curies":[{"name":"wp","href":"https:\/\/api.w.org\/{rel}","templated":true}]}}